{"id":31,"date":"2018-08-06T10:19:26","date_gmt":"2018-08-06T10:19:26","guid":{"rendered":"http:\/\/m-pc.hu\/?page_id=31"},"modified":"2024-10-31T13:43:22","modified_gmt":"2024-10-31T13:43:22","slug":"foto-nyomtatas","status":"publish","type":"page","link":"https:\/\/m-pc.hu\/?page_id=31","title":{"rendered":"Fot\u00f3 nyomtat\u00e1s"},"content":{"rendered":"<p>&nbsp;<\/p>\n<h1><span style=\"color: #662d91;\">Fot\u00f3nyomtat\u00e1s<\/span><\/h1>\n<p><span style=\"font-size: 16px;\"><span style=\"font-family: 'Open Sans', serif;\"><img loading=\"lazy\" decoding=\"async\" class=\"alignleft wp-image-13 size-medium\" src=\"https:\/\/m-pc.hu\/wp-content\/uploads\/2018\/08\/fot\u00f3nyomtat\u00e1s-1024x550-300x161.jpg\" alt=\"\" width=\"300\" height=\"161\" srcset=\"https:\/\/m-pc.hu\/wp-content\/uploads\/2018\/08\/fot\u00f3nyomtat\u00e1s-1024x550-300x161.jpg 300w, https:\/\/m-pc.hu\/wp-content\/uploads\/2018\/08\/fot\u00f3nyomtat\u00e1s-1024x550-768x413.jpg 768w, https:\/\/m-pc.hu\/wp-content\/uploads\/2018\/08\/fot\u00f3nyomtat\u00e1s-1024x550.jpg 1024w\" sizes=\"(max-width: 300px) 100vw, 300px\" \/>\u00dczlet\u00fcnkben\u00a0\u00a0<\/span>fot\u00f3idb\u00f3l szinte labor min\u0151s\u00e9g\u0171 pap\u00edrk\u00e9peket nyomtathatsz. A tintasugaras technol\u00f3gi\u00e1nak k\u00f6sz\u00f6nhet\u0151en a fot\u00f3k elk\u00e9sz\u00edt\u00e9se megv\u00e1rhat\u00f3!<\/span><\/p>\n<p><span style=\"font-size: 16px; font-family: 'Open Sans', serif;\">Ragyog\u00f3, \u00e9leth\u0171 \u00e9s hosszan tart\u00f3 k\u00e9peket nyomtatunk A4 m\u00e9retig, kifut\u00f3 sz\u00e9lekkel, nincs feh\u00e9r cs\u00edk a k\u00e9pek sz\u00e9l\u00e9n!<\/span><\/p>\n","protected":false},"excerpt":{"rendered":"<p>&nbsp; Fot\u00f3nyomtat\u00e1s \u00dczlet\u00fcnkben\u00a0\u00a0fot\u00f3idb\u00f3l szinte labor min\u0151s\u00e9g\u0171 pap\u00edrk\u00e9peket nyomtathatsz. A tintasugaras technol\u00f3gi\u00e1nak k\u00f6sz\u00f6nhet\u0151en a fot\u00f3k elk\u00e9sz\u00edt\u00e9se megv\u00e1rhat\u00f3! Ragyog\u00f3, \u00e9leth\u0171 \u00e9s hosszan tart\u00f3 k\u00e9peket nyomtatunk A4 m\u00e9retig, kifut\u00f3 sz\u00e9lekkel, nincs feh\u00e9r cs\u00edk a k\u00e9pek sz\u00e9l\u00e9n!<\/p>\n","protected":false},"author":1,"featured_media":0,"parent":0,"menu_order":0,"comment_status":"closed","ping_status":"closed","template":"","meta":{"footnotes":""},"class_list":["post-31","page","type-page","status-publish","hentry"],"_links":{"self":[{"href":"https:\/\/m-pc.hu\/index.php?rest_route=\/wp\/v2\/pages\/31"}],"collection":[{"href":"https:\/\/m-pc.hu\/index.php?rest_route=\/wp\/v2\/pages"}],"about":[{"href":"https:\/\/m-pc.hu\/index.php?rest_route=\/wp\/v2\/types\/page"}],"author":[{"embeddable":true,"href":"https:\/\/m-pc.hu\/index.php?rest_route=\/wp\/v2\/users\/1"}],"replies":[{"embeddable":true,"href":"https:\/\/m-pc.hu\/index.php?rest_route=%2Fwp%2Fv2%2Fcomments&post=31"}],"version-history":[{"count":6,"href":"https:\/\/m-pc.hu\/index.php?rest_route=\/wp\/v2\/pages\/31\/revisions"}],"predecessor-version":[{"id":220,"href":"https:\/\/m-pc.hu\/index.php?rest_route=\/wp\/v2\/pages\/31\/revisions\/220"}],"wp:attachment":[{"href":"https:\/\/m-pc.hu\/index.php?rest_route=%2Fwp%2Fv2%2Fmedia&parent=31"}],"curies":[{"name":"wp","href":"https:\/\/api.w.org\/{rel}","templated":true}]}}