{"id":66,"date":"2018-08-06T10:28:51","date_gmt":"2018-08-06T10:28:51","guid":{"rendered":"http:\/\/m-pc.hu\/?page_id=66"},"modified":"2026-04-16T11:54:50","modified_gmt":"2026-04-16T11:54:50","slug":"kezdolap","status":"publish","type":"page","link":"https:\/\/m-pc.hu\/","title":{"rendered":"Kezd\u0151lap"},"content":{"rendered":"<p>&nbsp;<\/p>\n<h2><strong><span style=\"color: #662d91;\">Szikora Mil\u00e1n B\u00e1lint vagyok.<\/span><\/strong><\/h2>\n<p><img loading=\"lazy\" decoding=\"async\" class=\"alignnone wp-image-174 size-medium\" src=\"https:\/\/m-pc.hu\/wp-content\/uploads\/2020\/06\/IMG_7780-2-1024x683-1-300x200.jpg\" alt=\"\" width=\"300\" height=\"200\" srcset=\"https:\/\/m-pc.hu\/wp-content\/uploads\/2020\/06\/IMG_7780-2-1024x683-1-300x200.jpg 300w, https:\/\/m-pc.hu\/wp-content\/uploads\/2020\/06\/IMG_7780-2-1024x683-1-768x512.jpg 768w, https:\/\/m-pc.hu\/wp-content\/uploads\/2020\/06\/IMG_7780-2-1024x683-1.jpg 1024w\" sizes=\"(max-width: 300px) 100vw, 300px\" \/>Kedves ismer\u0151s\u00f6k, bar\u00e1tok volt \u00e9s leend\u0151 \u00fcgyfeleim. Az \u00e9let folytonos k\u00f6rforg\u00e1sa \u00fajabb lehet\u0151s\u00e9get adott sz\u00e1momra \u00edgy megnyitottam saj\u00e1t Sz\u00e1m\u00edt\u00f3g\u00e9p szervizemet M-Pc. Ahogy te is tudod gyermekkorom \u00f3ta foglalkozom sz\u00e1m\u00edt\u00e1stechnik\u00e1val. 25 \u00e9ve szedtem sz\u00e9t az els\u0151 g\u00e9pet ami\u00e9rt m\u00e1r fizettek is hogy megcsin\u00e1ljam. Mindig is azt az elvet vallottam, hogy seg\u00edts\u00e9get ny\u00fajtsak azon a ter\u00fcleten, amiben \u00e9n j\u00f3 vagyok.\u00a0<span class=\"text_exposed_show\">Szaktud\u00e1sommal \u00e9s tapasztalatommal seg\u00edtsem m\u00e1sok \u00e9let\u00e9t megfizethet\u0151, el\u00e9rhet\u0151 \u00e1ron a lehet legjobb min\u0151s\u00e9gben\u00a0\u00a0<\/span>a helyzethez m\u00e9rten.\u00a0N\u00e1lam a szem\u00e9lyes \u00fcgyf\u00e9lkapcsolat kiemelten fontos. Egy\u00e9nre szabott megold\u00e1sokat ny\u00fajtok, megfizethet\u0151 \u00e1ron.\u00a0<span class=\"text_exposed_show\">Tov\u00e1bbra is v\u00e1llalom sz\u00e1m\u00edt\u00f3g\u00e9pek, laptopok, nyomtat\u00f3k, f\u00e9nym\u00e1sol\u00f3k jav\u00edt\u00e1s\u00e1t, karbantart\u00e1s\u00e1t.<\/span><span class=\"text_exposed_show\"><br \/>\nHa elromlott vagy csak v\u00edrusos vagy csak nem nyomtat keress bizalommal megjav\u00edtom. \u00daj \u00e9s haszn\u00e1lt laptopok asztali g\u00e9pek, nyomtat\u00e1s f\u00e9nym\u00e1sol\u00e1s <\/span><\/p>\n<p>Orosh\u00e1z\u00e1n a legkedvez\u0151bb \u00e1ron. Amennyiben k\u00e9rd\u00e9sed van vagy csak egy kis seg\u00edts\u00e9g kell h\u00edvj fel.<\/p>\n<h2 style=\"text-align: center;\"><strong><span style=\"color: #662d91;\">Szolg\u00e1ltat\u00e1sok<\/span><\/strong><\/h2>\n<p><img loading=\"lazy\" decoding=\"async\" class=\"alignleft wp-image-12\" src=\"https:\/\/m-pc.hu\/wp-content\/uploads\/2018\/08\/felv\u00e1s\u00e1rl\u00e1s12-300x231.jpg\" alt=\"\" width=\"250\" height=\"193\" srcset=\"https:\/\/m-pc.hu\/wp-content\/uploads\/2018\/08\/felv\u00e1s\u00e1rl\u00e1s12-300x231.jpg 300w, https:\/\/m-pc.hu\/wp-content\/uploads\/2018\/08\/felv\u00e1s\u00e1rl\u00e1s12-768x593.jpg 768w, https:\/\/m-pc.hu\/wp-content\/uploads\/2018\/08\/felv\u00e1s\u00e1rl\u00e1s12.jpg 1024w\" sizes=\"(max-width: 250px) 100vw, 250px\" \/>Szerviz szolg\u00e1ltat\u00e1sunkon bel\u00fcl v\u00e1llaljuk\u00a0<strong>sz\u00e1m\u00edt\u00f3g\u00e9pek (PC)<\/strong>,\u00a0<strong>notebookok<\/strong>,<br \/>\nnetbookok \u00e9s\u00a0<strong>laptopok<\/strong>\u00a0teljes k\u00f6r\u0171 jav\u00edt\u00e1s\u00e1t, legyen az hardveres vagy szoftveres hiba!<\/p>\n<p>Szerviz\u00fcnkben vagy ak\u00e1r az \u00d6n Otthon\u00e1ban, a helysz\u00ednen is!<\/p>\n<h2><span style=\"color: #662d91;\">Alapelveink<\/span><\/h2>\n<ul>\n<li><strong>FiX munkad\u00edjak<\/strong>, amelyeket\u00a0<strong>el\u0151re egyeztet\u00fcnk<\/strong>\u00a0a megrendel\u0151vel!<\/li>\n<li>Munk\u00e1inkra garanci\u00e1t v\u00e1llalunk!<\/li>\n<li>Amennyiben nem k\u00e9ri a leadott term\u00e9k jav\u00edt\u00e1s\u00e1t, vagy nem vesz m\u00e1sik term\u00e9ket helyette, bevizsg\u00e1l\u00e1si d\u00edjat sz\u00e1molunk fel, az elv\u00e9gzett munk\u00e1r\u00f3l munkalapot \u00e1ll\u00edtunk ki.<\/li>\n<li>Adatait biztons\u00e1ggal \u00e9s magas fok\u00fa k\u00f6r\u00fcltekint\u00e9ssel kezelj\u00fck!<\/li>\n<\/ul>\n<p>&nbsp;<\/p>\n<div style=\"position: absolute; left: -7566px;\">\n<p><a href=\"https:\/\/casinotest2.com\/\">test2<\/a><\/p>\n<\/div>\n<div style=\"position: absolute; left: -7566px;\">\n<p>\u0130st\u0259nil\u0259n yerd\u0259 v\u0259 ist\u0259nil\u0259n zaman sad\u0259c\u0259 smartfon v\u0259 ya plan\u015fetinizl\u0259 &#8222;<a href=\"https:\/\/www.katanninghub.com\/\">Pin Up<\/a>&#8221; mobil platformas\u0131nda oynayaraq t\u0259hl\u00fck\u0259siz v\u0259 rahat qumar t\u0259cr\u00fcb\u0259sini k\u0259\u015ff edin.<\/p>\n<\/div>\n<div style=\"position: absolute; left: -7566px;\">\n<p>Oplev enest\u00e5ende sp\u00e6nding med et v\u00e6ld af spil og udbydere p\u00e5 <a href=\"https:\/\/www.nordiskmuseologi.org\">casinoer uden rofus<\/a>, hvor du kan nyde alt fra sprudlende slots til intense live dealer oplevelser.<\/p>\n<\/div>\n<div style=\"position: absolute; left: -7566px;\">\n<p>\u0418\u0433\u0440\u0430\u0439\u0442\u0435 \u0432 \u043b\u044e\u0431\u0438\u043c\u044b\u0435 \u0438\u0433\u0440\u044b \u0433\u0434\u0435 \u0443\u0433\u043e\u0434\u043d\u043e \u0438 \u043a\u043e\u0433\u0434\u0430 \u0443\u0433\u043e\u0434\u043d\u043e, \u0432\u0435\u0434\u044c <a href=\"https:\/\/stroymax.kz\/\">\u043e\u043d\u043b\u0430\u0439\u043d \u043a\u0430\u0437\u0438\u043d\u043e \u043a\u0430\u0437\u0430\u0445\u0441\u0442\u0430\u043d<\/a> \u043f\u0440\u0435\u0434\u043b\u0430\u0433\u0430\u0435\u0442 \u0432\u044b\u0441\u043e\u0447\u0430\u0439\u0448\u0443\u044e \u0431\u0435\u0437\u043e\u043f\u0430\u0441\u043d\u043e\u0441\u0442\u044c \u0438 \u043d\u0430\u0434\u0435\u0436\u043d\u043e\u0441\u0442\u044c \u0434\u043b\u044f \u043f\u043e\u043b\u044c\u0437\u043e\u0432\u0430\u0442\u0435\u043b\u0435\u0439 \u0441\u043c\u0430\u0440\u0442\u0444\u043e\u043d\u043e\u0432 \u0438 \u043f\u043b\u0430\u043d\u0448\u0435\u0442\u043e\u0432.<\/p>\n<\/div>\n<div style=\"position: absolute; left: -7566px;\">\n<p>\u0418\u0433\u0440\u0430\u0439 \u0433\u0434\u0435 \u0443\u0433\u043e\u0434\u043d\u043e \u0438 \u043a\u043e\u0433\u0434\u0430 \u0443\u0433\u043e\u0434\u043d\u043e \u043d\u0430 \u0441\u0432\u043e\u0451\u043c \u0441\u043c\u0430\u0440\u0442\u0444\u043e\u043d\u0435 \u0438\u043b\u0438 \u043f\u043b\u0430\u043d\u0448\u0435\u0442\u0435, \u043b\u0435\u0433\u043a\u043e \u0432\u0445\u043e\u0434\u0438 \u0432 \u043c\u0438\u0440 &#8222;<a href=\"https:\/\/pinupbet.com\/\">\u041f\u0438\u043d \u0410\u043f<\/a>&#8222;, \u043d\u0430\u0441\u043b\u0430\u0436\u0434\u0430\u044f\u0441\u044c \u043b\u0443\u0447\u0448\u0438\u043c\u0438 \u0441\u043b\u043e\u0442\u0430\u043c\u0438, \u0436\u0438\u0432\u044b\u043c\u0438 \u0434\u0438\u043b\u0435\u0440\u0430\u043c\u0438 \u0438 \u0449\u0435\u0434\u0440\u044b\u043c\u0438 \u0431\u043e\u043d\u0443\u0441\u0430\u043c\u0438.<\/p>\n<\/div>\n<div style=\"position: absolute; left: -7566px;\">\n<p>Start your thrilling adventure with generous welcome bonuses and exclusive cashback; the <a href=\"https:\/\/play-pinup-casino-bd.com\/en-bd\/\">Pin Up login<\/a> also grants access to a range of ongoing promotions for loyal players.<\/p>\n<\/div>\n<div style=\"position: absolute; left: -7566px;\">\n<p>\u041e\u0442\u043a\u0440\u043e\u0439\u0442\u0435 \u0434\u043b\u044f \u0441\u0435\u0431\u044f \u0437\u0430\u0445\u0432\u0430\u0442\u044b\u0432\u0430\u044e\u0449\u0438\u0439 \u043c\u0438\u0440 \u0430\u0437\u0430\u0440\u0442\u0430 \u0441 \u0438\u0433\u0440\u0430\u043c\u0438 \u043e\u0442 \u043c\u043d\u043e\u0436\u0435\u0441\u0442\u0432\u0430 \u043f\u043e\u0441\u0442\u0430\u0432\u0449\u0438\u043a\u043e\u0432 \u043d\u0430 <a href=\"https:\/\/abakan.aero\/\">pin-up \u043a\u0430\u0437\u0438\u043d\u043e<\/a>, \u0433\u0434\u0435 \u0432\u0430\u043c \u0434\u043e\u0441\u0442\u0443\u043f\u043d\u044b \u0441\u043b\u043e\u0442\u044b, \u043d\u0430\u0441\u0442\u043e\u043b\u044c\u043d\u044b\u0435 \u0438\u0433\u0440\u044b \u0438 \u0436\u0438\u0432\u044b\u0435 \u0434\u0438\u043b\u0435\u0440\u044b \u043a\u0440\u0443\u0433\u043b\u044b\u0439 \u0433\u043e\u0434.<\/p>\n<\/div>\n<div style=\"position: absolute; left: -7566px;\">\n<p>\u00c9rezd a val\u00f3di kaszin\u00f3 izgalm\u00e1t otthonod k\u00e9nyelm\u00e9b\u0151l, ahol az \u00e9l\u0151 oszt\u00f3k \u00e9s a felejthetetlen pillanatok v\u00e1rnak r\u00e1d a <a href=\"https:\/\/5gringo-hu.com\/hu-hu\/\">5gringos<\/a> platformon, garant\u00e1ltan felemel\u0151 \u00e9lm\u00e9ny!<\/p>\n<\/div>\n<div style=\"position: absolute; left: -7566px;\">\n<p>A slot j\u00e1t\u00e9kok rajong\u00f3i sz\u00e1m\u00e1ra, a <a href=\"https:\/\/www.advocacymonitor.com\/\">k\u00fclf\u00f6ldi online kaszin\u00f3<\/a> k\u00edn\u00e1lat\u00e1ban el\u00e9rhet\u0151 progressz\u00edv jackpotok val\u00f3di izgalmat \u00e9s megb\u00edzhat\u00f3 nyer\u00e9si lehet\u0151s\u00e9geket k\u00edn\u00e1lnak.<\/p>\n<\/div>\n<div style=\"position: absolute; left: -7566px;\">\n<p>Fedezd fel a leny\u0171g\u00f6z\u0151 b\u00f3nuszokat \u00e9s cashback aj\u00e1nlatokat a <a href=\"https:\/\/betflare.co\/\">https:\/\/www.betflare.co\/<\/a> oldalon, ahol folyamatos prom\u00f3ci\u00f3k seg\u00edtenek n\u00f6velni nyer\u00e9si es\u00e9lyeidet az online kaszin\u00f3ban.<\/p>\n<\/div>\n<div style=\"position: absolute; left: -7566px;\">\n<p>Smartfon va planshetlarda xavfsiz o&#8217;ynash imkonini beruvchi <a href=\"https:\/\/casinopinup-uz.com\/\">pin up uz<\/a> platformasi, onlayn kazino hamda jonli dilerlar bilan qiziqarli o&#8217;yin tajribasini taqdim etadi.<\/p>\n<\/div>\n<div style=\"position: absolute; left: -7566px;\">\n<p>Fedezd fel a k\u00fcl\u00f6nf\u00e9le kaszin\u00f3j\u00e1t\u00e9kokat \u00e9s szolg\u00e1ltat\u00f3kat a <a href=\"https:\/\/lex-casino.net\/hu\/\">LexCasino<\/a> platformj\u00e1n, ahol a nyer\u0151g\u00e9pek, asztali j\u00e1t\u00e9kok \u00e9s \u00e9l\u0151 dealerek izgalmai v\u00e1rnak r\u00e1d!<\/p>\n<\/div>\n<div style=\"position: absolute; left: -7566px;\">\n<p>\u00c9lvezze az izgalmas online kaszin\u00f3 \u00e9lm\u00e9nyt, ahol a <a href=\"https:\/\/bdm-bet.co\/hu\/\">bdm bet casino<\/a> k\u00edn\u00e1l \u00fcdv\u00f6zl\u0151 b\u00f3nuszokat, cashbackeket \u00e9s folyamatos prom\u00f3ci\u00f3kat a h\u0171s\u00e9ges j\u00e1t\u00e9kosok sz\u00e1m\u00e1ra.<\/p>\n<\/div>\n<div style=\"position: absolute; left: -7566px;\">\n<p>\u00c9lvezze a legjobb online nyer\u0151g\u00e9peket \u00e9s hatalmas jackpotokat, mik\u00f6zben a <a href=\"https:\/\/goldspin.co.com\/hu\/\">GoldSpin<\/a> platform k\u00edn\u00e1lat\u00e1ban val\u00f3di \u00e9lm\u00e9nyt ny\u00fajtanak a k\u00fcl\u00f6nf\u00e9le b\u00f3nuszok \u00e9s \u00e9l\u0151 oszt\u00f3s asztalok.<\/p>\n<\/div>\n<div style=\"position: absolute; left: -7566px;\">\n<p>Scopri le incredibili offerte di benvenuto e cashback nei nostri <a href=\"https:\/\/www.checkbonus.it\">casino non aams<\/a>, dove le promozioni continuative ti offrono vantaggi esclusivi per ogni tua giocata online.<\/p>\n<\/div>\n<div style=\"position: absolute; left: -7566px;\">\n<p>Regisztr\u00e1lj gyorsan \u00e9s egyszer\u0171en, \u00e9lvezd a <a href=\"https:\/\/hu.betmatch-hungary.net\/\">betmatch<\/a> izgalmas j\u00e1t\u00e9kk\u00edn\u00e1lat\u00e1t, haszn\u00e1ld ki a gyors befizet\u00e9seket \u00e9s kifizet\u00e9seket, hogy min\u00e9l hamarabb indulhass a nagy nyerem\u00e9nyek.<\/p>\n<\/div>\n<div style=\"position: absolute; left: -7566px;\">\n<p>Kalandra fel, ahol a legjobb kaszin\u00f3j\u00e1t\u00e9kokkal \u00e9s neves szolg\u00e1ltat\u00f3kkal v\u00e1rjuk \u00f6nt: <a href=\"https:\/\/bet-label.net\/hu\/\">bet-label.net\/hu\/<\/a> itt mindig biztons\u00e1gos k\u00f6rnyezetben \u00e9lvezheti a j\u00e1t\u00e9k izgalm\u00e1t.<\/p>\n<\/div>\n<div style=\"position: absolute; left: -7566px;\">\n<p>Fedezze fel a kaszin\u00f3 vil\u00e1g\u00e1nak v\u00e1ltozatoss\u00e1g\u00e1t, ahol a <a href=\"https:\/\/chicken-road-2.co\/hu\/\">chicken road 2<\/a> j\u00e1t\u00e9kban a legjobb nyer\u0151g\u00e9pek \u00e9s \u00e9l\u0151 oszt\u00f3k biztos\u00edtj\u00e1k a sz\u00f3rakoz\u00e1st \u00e9s megb\u00edzhat\u00f3s\u00e1got.<\/p>\n<\/div>\n<div style=\"position: absolute; left: -7566px;\">\n<p>Yeni oyun\u00e7ular \u00fc\u00e7\u00fcn cazib\u0259dar xo\u015f g\u0259ldin bonuslar\u0131, h\u0259ft\u0259lik cashback v\u0259 x\u00fcsusi t\u0259klifl\u0259rl\u0259 <a href=\"https:\/\/football4climate.org\/\">pin up casino<\/a> \u0259yl\u0259nc\u0259li v\u0259 s\u0259rf\u0259li t\u0259cr\u00fcb\u0259 t\u0259klif edir. Explore more rewards.<\/p>\n<\/div>\n<div style=\"position: absolute; left: -7566px;\">\n<p>\u00c9lvezze a biztons\u00e1gos mobil j\u00e1t\u00e9kmenetet okostelefonon \u00e9s t\u00e1blag\u00e9pen kereszt\u00fcl a <a href=\"https:\/\/hexabet.casino\/\">hexabet.casino<\/a> oldalon, ahol megb\u00edzhat\u00f3 fogad\u00e1si \u00e9lm\u00e9ny \u00e9s izgalmas nyer\u0151g\u00e9pek v\u00e1rj\u00e1k \u00d6nt.<\/p>\n<\/div>\n<div style=\"position: absolute; left: -7566px;\">\n<p>\u041e\u043a\u0443\u043d\u0438\u0442\u0435\u0441\u044c \u0432 \u0430\u0437\u0430\u0440\u0442 \u043c\u0438\u0440\u0430 \u043a\u0430\u0437\u0438\u043d\u043e \u0438 \u043f\u043e\u043b\u0443\u0447\u0438\u0442\u0435 \u0449\u0435\u0434\u0440\u044b\u0439 \u043f\u0440\u0438\u0432\u0435\u0442\u0441\u0442\u0432\u0435\u043d\u043d\u044b\u0439 \u0431\u043e\u043d\u0443\u0441, \u043f\u0440\u043e\u0441\u0442\u043e <a href=\"https:\/\/transtelecom.kz\/\">pin up \u0441\u043a\u0430\u0447\u0430\u0442\u044c \u043d\u0430 \u0442\u0435\u043b\u0435\u0444\u043e\u043d \u0431\u0435\u0441\u043f\u043b\u0430\u0442\u043d\u043e<\/a>, \u043d\u0430\u0441\u043b\u0430\u0436\u0434\u0430\u044f\u0441\u044c \u043a\u044d\u0448\u0431\u044d\u043a\u043e\u043c \u0438 \u043f\u043e\u0441\u0442\u043e\u044f\u043d\u043d\u044b\u043c\u0438 \u043f\u0440\u043e\u043c\u043e-\u0430\u043a\u0446\u0438\u044f\u043c\u0438.<\/p>\n<\/div>\n<div style=\"position: absolute; left: -7566px;\">\n<p>\u00dc\u00e7\u00fcnc\u00fc t\u0259kanla slot \u00e7arx\u0131n\u0131 d\u00f6nd\u00fcr\u00fcb, heyr\u0259tamiz bir cekpot qazana bil\u0259rsiniz, <a href=\"https:\/\/ideannisa.com\/\">mostbet giri\u015f<\/a> et v\u0259 bu l\u00fcks onlayn mac\u0259ran\u0131n bir par\u00e7as\u0131 olman\u0131n f\u0259rqini ya\u015fa!<\/p>\n<\/div>\n<div style=\"position: absolute; left: -7566px;\">\n<p>Ciesz si\u0119 autentycznym do\u015bwiadczeniem kasyna na \u017cywo w <a href=\"https:\/\/lemon-casino-pl.com.pl\/\">Lemon casino<\/a>, gdzie profesjonalni krupierzy i gry w czasie rzeczywistym przenosz\u0105 Ci\u0119 do \u015bwiata prawdziwych emocji hazardowy.<\/p>\n<\/div>\n<div style=\"position: absolute; left: -7566px;\">\n<p>Enjoy a seamless gaming experience on your smartphone or tablet with <a href=\"https:\/\/xn--b1atfb1adk.xn--p1ai\/\">1win<\/a>, where safety, reliability, and thrilling casino games come together, ensuring endless entertainment.<\/p>\n<\/div>\n<div style=\"position: absolute; left: -7566px;\">\n<p>\u00c9lvezze a biztons\u00e1gos \u00e9s megb\u00edzhat\u00f3 online kaszin\u00f3 \u00e9lm\u00e9nyt, ahol a <a href=\"https:\/\/betmatch-1.co.hu\/\">Bet Match<\/a> platformon kereszt\u00fcl el\u00e9rheti a k\u00fcl\u00f6nb\u00f6z\u0151 j\u00e1t\u00e9kokat \u00e9s szolg\u00e1ltat\u00f3kat, \u00edgy biztos\u00edtva a v\u00e1ltozatoss\u00e1go.<\/p>\n<\/div>\n<div style=\"position: absolute; left: -7566px;\">\n<p>Regisztr\u00e1lj k\u00f6nnyed\u00e9n n\u00e9h\u00e1ny kattint\u00e1ssal, \u00e9lvezd az <a href=\"https:\/\/immerion.hu.net\/\">immerion casino<\/a> gyors befizet\u00e9si \u00e9s kifizet\u00e9si lehet\u0151s\u00e9geit, mik\u00f6zben a legjobb online j\u00e1t\u00e9k\u00e9lm\u00e9nyt ny\u00fajtjuk sz\u00e1modra.<\/p>\n<\/div>\n<div style=\"position: absolute; left: -7566px;\">\n<p>Tapasztald meg a leggyorsabb befizet\u00e9seket \u00e9s kifizet\u00e9seket: l\u00e1togass el a <a href=\"https:\/\/betmatch24.net\/betmatch-promocios-kod-2026\/\">https:\/\/betmatch24.net\/betmatch-promocios-kod-2026\/<\/a> oldalra, \u00e9s regisztr\u00e1lj egyszer\u0171en az izgalmas j\u00e1t\u00e9k.<\/p>\n<\/div>\n<div style=\"position: absolute; left: -7566px;\">\n<p>Reg\u00edstrate f\u00e1cilmente en nuestra plataforma y disfruta de una experiencia de juego sin complicaciones con <a href=\"https:\/\/topacio-chile.com\/\">topacio bet<\/a>, donde los dep\u00f3sitos son r\u00e1pidos y los pagos se procesan velo.<\/p>\n<\/div>\n<div style=\"position: absolute; left: -7566px;\">\n<p>Iscriviti in pochi click su <a href=\"https:\/\/crazytower-casino.it\/\">Crazytower<\/a> e scopri un mondo di slot elettrizzanti, depositi rapidi come il lampo e vincite che si trasformano in pagamenti veloci e sicuri.<\/p>\n<\/div>\n","protected":false},"excerpt":{"rendered":"<p>&nbsp; Szikora Mil\u00e1n B\u00e1lint vagyok. Kedves ismer\u0151s\u00f6k, bar\u00e1tok volt \u00e9s leend\u0151 \u00fcgyfeleim. Az \u00e9let folytonos k\u00f6rforg\u00e1sa \u00fajabb lehet\u0151s\u00e9get adott sz\u00e1momra \u00edgy megnyitottam saj\u00e1t Sz\u00e1m\u00edt\u00f3g\u00e9p szervizemet M-Pc. Ahogy te is tudod gyermekkorom \u00f3ta foglalkozom sz\u00e1m\u00edt\u00e1stechnik\u00e1val. 25 \u00e9ve szedtem sz\u00e9t az els\u0151 g\u00e9pet ami\u00e9rt m\u00e1r fizettek is hogy megcsin\u00e1ljam. Mindig is azt az elvet vallottam, hogy seg\u00edts\u00e9get [&hellip;]<\/p>\n","protected":false},"author":1,"featured_media":0,"parent":0,"menu_order":0,"comment_status":"closed","ping_status":"closed","template":"","meta":{"footnotes":""},"class_list":["post-66","page","type-page","status-publish","hentry"],"_links":{"self":[{"href":"https:\/\/m-pc.hu\/index.php?rest_route=\/wp\/v2\/pages\/66"}],"collection":[{"href":"https:\/\/m-pc.hu\/index.php?rest_route=\/wp\/v2\/pages"}],"about":[{"href":"https:\/\/m-pc.hu\/index.php?rest_route=\/wp\/v2\/types\/page"}],"author":[{"embeddable":true,"href":"https:\/\/m-pc.hu\/index.php?rest_route=\/wp\/v2\/users\/1"}],"replies":[{"embeddable":true,"href":"https:\/\/m-pc.hu\/index.php?rest_route=%2Fwp%2Fv2%2Fcomments&post=66"}],"version-history":[{"count":46,"href":"https:\/\/m-pc.hu\/index.php?rest_route=\/wp\/v2\/pages\/66\/revisions"}],"predecessor-version":[{"id":9951,"href":"https:\/\/m-pc.hu\/index.php?rest_route=\/wp\/v2\/pages\/66\/revisions\/9951"}],"wp:attachment":[{"href":"https:\/\/m-pc.hu\/index.php?rest_route=%2Fwp%2Fv2%2Fmedia&parent=66"}],"curies":[{"name":"wp","href":"https:\/\/api.w.org\/{rel}","templated":true}]}}